 = 9*f. What is the greatest common divisor of r and f?
9
Suppose -29*l + 1332 = -12443. What is the highest common divisor of l and 1235?
95
Suppose 5*f = -i + 20361, 4*i = -14*f + 13*f + 4076. What is the greatest common divisor of f and 8?
8
Let q be (-67640)/(-76) + 40/4*-1. What is the highest common factor of q and 715?
55
Suppose -17 = -u + 3*x - 7, -u + x + 6 = 0. Suppose 0 = -0*z - u*z + 340. Suppose -994 = -101*i + 2440. Calculate the greatest common divisor of z and i.
17
Let i(b) = 2*b**2 - 7*b + 6. Let z be i(15). Let w = 612 - z. Calculate the highest common factor of 29 and w.
29
Let z be 27410/15 + ((-24)/9)/(-4). Let h be (-9)/(-30) - z/(-40). What is the greatest common factor of 46 and h?
46
Let b(s) = -8*s - 635. Let k be b(-85). What is the greatest common factor of 963 and k?
9
Let a be 58*1*27/6. Let d be 126/36*(31/(-7) - -7). Calculate the highest common factor of a and d.
9
Let m be 72/5 - 3/(-5). Let d be 1505/m - 1/3. Suppose t - 38 - 2 = 4*g, -d = -4*t + g. What is the greatest common divisor of 8 and t?
8
Let u be ((-45)/(-2))/((-6)/(-8)). Suppose -14*l = 306 - 3498. Suppose -3*i + 250 = -5*q, 4*i - 148 = -4*q + l. Calculate the highest common factor of i and u.
30
Let w be 582 + 0 + -12 + 5. Let l = w - 573. Let f(i) = i**3 - 2*i**2 - 2*i - 2. Let t be f(4). What is the highest common divisor of l and t?
2
Let b = 411 + -549. Let w be (3*1/(-9))/(1/b). Calculate the greatest common factor of 1150 and w.
46
Let z = -25086 - -25177. Calculate the highest common divisor of 16289 and z.
91
Let i(y) be the second derivative of -y**5/10 - y**4 - 3*y**3/2 + 7*y**2 - y - 76. Let p be i(-5). Calculate the greatest common factor of p and 18.
9
Let j be (-6)/7 - 46184/(-161). Let t = 427 - 401. What is the greatest common factor of j and t?
26
Let v(i) = -125*i - 40. Suppose 0 = -2*m + 2, 3*k + m + 3*m = -2. Let d be v(k). What is the greatest common factor of d and 84?
42
Let t = 151 - 252. Let d = t - -100. Let q be ((-11)/44)/(d/164). What is the highest common divisor of q and 123?
41
Let w(u) = 6*u**2 + 54*u + 21. Let h be w(-10). Let v(q) = 3*q**2 - 7*q - 2. Let m be v(-5). Calculate the greatest common factor of m and h.
27
Let u be (-8624)/112*4*-1. Suppose 5*r = -5*o + 425, -5*o - r + 86 = -335. What is the greatest common divisor of u and o?
28
Suppose -17*w = -11*w + 2466. Let j = w + 507. What is the highest common factor of 224 and j?
32
Suppose -16*w + 2519 = 887. What is the highest common divisor of w and 527?
17
Let c be ((-18)/10)/((-24)/6520). Let q = c + -476. Calculate the highest common factor of q and 559.
13
Let i be -3*((17/6)/17)/((-6)/1488). What is the greatest common divisor of 3782 and i?
62
Suppose 8 = -2*o - 28. Let s = -16 - o. Suppose 3*y = -y + 72. Calculate the greatest common divisor of y and s.
2
Let y be (-476)/(-5) + ((-18)/(-10) - 2). Suppose 3*b - 169 = y. Suppose -7*d + b = 4. What is the greatest common factor of d and 96?
12
Let t(c) = -438*c + 3365. Let d be t(6). Calculate the highest common divisor of 22 and d.
11
Let w be 856/(-2)*1/4. Let t = -72 - w. What is the greatest common divisor of t and 28?
7
Suppose -11*i + 45*i = 211 - 75. Let f = -40 - -68. What is the greatest common divisor of i and f?
4
Suppose -5*g = -27 - 73. Let w(c) = -c**2 - c + 120. Let l be w(0). Calculate the greatest common factor of g and l.
20
Let l = -27 + 29. Suppose -r + 5*n = 575, -n - 587 = -l*r + 3*r. Let s be (4/(-6))/(13/r). What is the greatest common divisor of 210 and s?
30
Suppose 17*b - 35058 = 795. Suppose b = 28*r - 2147. What is the highest common factor of r and 16?
8
Let z = -296 + 144. Let i = 193 - z. Calculate the greatest common divisor of 138 and i.
69
Suppose 2*h = 3*y - 110, -37 = 557*y - 558*y + h. Let g be 0/(-1) + (-1 - -85). What is the highest common divisor of g and y?
12
Let i be (13 - (-175)/(-14))*24. Calculate the greatest common divisor of 2796 and i.
12
Let y be 2/(-4)*(-15 - -1) - (-379 - -38). Calculate the highest common factor of 21 and y.
3
Let z = 26703 - 25620. Let n = -75 + 132. What is the greatest common factor of n and z?
57
Let k(x) = 2*x**3 - 8*x**2 - 6*x + 3. Let u be k(6). Let p be (-3)/12 - u/(-12). Suppose p*a - 1440 = -a. Calculate the highest common factor of a and 24.
24
Let g = 0 - -4. Suppose 0 = g*y + 6*p - 5*p + 137, 178 = -5*y + p. Let u = 36 + y. What is the greatest common divisor of u and 8?
1
Let p(b) = 37*b**3 + b**2. Let a be p(1). Let k = 193 + -174. Calculate the highest common factor of a and k.
19
Let w = 845 - 818. Calculate the greatest common divisor of 27 and w.
27
Suppose 2*l = -0*w + 2*w - 58, 156 = 4*w + 4*l. Suppose 42 = w*b - 31*b. What is the greatest common divisor of b and 49?
7
Let i(v) = 3*v**2 - v - 4. Let c be i(-2). Suppose -4*z = -14 - c. Suppose -z*l - 131 = -335. Calculate the greatest common factor of l and 272.
34
Let y = 64 - 78. Let p(d) = -16*d - 26. Let n(s) = s**2 + s - 1. Let h(g) = -n(g) + p(g). Let v be h(y). Calculate the greatest common factor of 34 and v.
17
Let y = 82 + -10. Suppose 4 = l, l - 88 - y = -2*s. Let m be (-1296)/(-50) + -8*(-1)/100. What is the greatest common factor of m and s?
26
Let j be ((-94)/8)/((-3)/(-12)). Let k = j - -187. Let i be ((-2)/4)/((-1)/(2 - -68)). What is the highest common factor of k and i?
35
Let l(x) = x**3 - 63*x**2 - 127*x - 175. Let d be l(65). Suppose f - 4 = -f, 0 = -i + 5*f + 90. Calculate the greatest common factor of d and i.
20
Let w(s) = -2540*s + 140. Let q be w(-1). Calculate the greatest common factor of q and 30.
10
Suppose 395*d - 971323 + 322756 = 152*d. What is the greatest common factor of 785 and d?
157
Let x be 3*(14 - (-16)/16). What is the highest common divisor of 27 and x?
9
Let z = 25663 + -25658. Calculate the highest common factor of 295 and z.
5
Let c(p) = -230*p + 8486. Let y be c(21). Calculate the greatest common divisor of 16 and y.
8
Let g be (466 - 473)*33/(-3). Let a be (-2 - -1)*(3 - 27). Let z = 35 - a. Calculate the greatest common factor of g and z.
11
Let n = 27 - 127. Let s be n/(-24) - 2/12. Suppose 4*r - 3 = -i + s, 5*i + 2*r = 17. Calculate the highest common factor of 39 and i.
3
Let o be (8/20)/((-7)/(-37030)). Suppose 9*j - 10*j - n + 1058 = 0, 2*j - 2*n - o = 0. What is the highest common divisor of 46 and j?
46
Suppose -4*y - 12 = -8*y. Suppose -13 = 2*h + y*t, 0 = h + h + 5*t + 23. Let u = 13 + h. What is the highest common divisor of 28 and u?
14
Let u(d) = 7*d - 2. Let l(n) = 1. Let r(g) = -3*l(g) + u(g). Let x be r(3). What is the highest common divisor of 40 and x?
8
Suppose -8*x - 52 - 4 = 0. Let z(a) = -14*a + 86. Let i be z(x). What is the greatest common factor of 16 and i?
8
Let b(z) = z**3 + 26*z**2 - 26*z + 59. Suppose 3*j = 6*j + 81. Let w be b(j). What is the highest common factor of 96 and w?
32
Suppose 31*k - 4215 = 7720. Calculate the highest common factor of 35 and k.
35
Suppose 5*r + 50 = 4*f - 271, 2*r - 3*f + 127 = 0. Let w = r + 69. Let j be (-148)/(-3) - 0 - w/(-6). What is the highest common factor of 125 and j?
25
Let i = -50400 - -50428. Suppose -2*r + 1019 = 67. Calculate the highest common factor of i and r.
28
Suppose 6*y - 1159 = -781. Let l(c) = 2*c**2 + 2*c - 3. Let r be l(-4). Calculate the greatest common factor of r and y.
21
Let z(s) = 6*s**2 + 36*s + 9. Suppose 2*l = 4*l - 46. Let i = l + -29. Let t be z(i). Calculate the greatest common divisor of 36 and t.
9
Let g = 270 + -271. Let j(w) = -54*w**3 - 2*w**2 + 2. Let z be j(g). Let o = -4 - -22. Calculate the greatest common divisor of z and o.
18
Let w(q) = 2*q**2 - 17*q + 11. Let o be w(9). Suppose o = 3*b - 2*h - 110, 3*h = -4*b + 145. Let j = 154 + -94. What is the greatest common factor of b and j?
20
Suppose -1530*v + 927 - 6933 = -1552*v. Suppose -7*w + 252 = -3*w. What is the greatest common divisor of w and v?
21
Let m(u) = -u**3 + 64*u**2 + 2*u - 120. Let q be m(64). What is the highest common divisor of q and 568?
8
Let h(o) = 255*o + 2120. Let c be h(-6). Let s(w) = 4*w**2 - 5. Let k be s(-4). Calculate the greatest common divisor of k and c.
59
Let l be -14 - (-1984)/144 - (-58)/18. Calculate the highest common factor of 1047 and l.
3
Let a = -11329 - -11469. What is the highest common divisor of a and 385?